{"id":34,"date":"2024-09-09T11:59:11","date_gmt":"2024-09-09T14:59:11","guid":{"rendered":"http:\/\/cubecloud.com.br\/iiesau\/?page_id=34"},"modified":"2025-06-05T16:32:37","modified_gmt":"2025-06-05T19:32:37","slug":"quem-somos","status":"publish","type":"page","link":"https:\/\/cubecloud.com.br\/iiesau\/quem-somos\/","title":{"rendered":"Quem somos"},"content":{"rendered":"\n<div class=\"wp-block-columns is-layout-flex wp-container-core-columns-is-layout-9d6595d7 wp-block-columns-is-layout-flex\">\n<div class=\"wp-block-column is-layout-flow wp-block-column-is-layout-flow\">\n<figure class=\"wp-block-image size-full\"><img loading=\"lazy\" decoding=\"async\" width=\"470\" height=\"839\" src=\"http:\/\/cubecloud.com.br\/iiesau\/wp-content\/uploads\/2024\/09\/foto-iiesau-historia-desktop.png\" alt=\"\" class=\"wp-image-145\"\/><\/figure>\n<\/div>\n\n\n\n<div class=\"wp-block-column is-layout-flow wp-block-column-is-layout-flow\">\n<h2 class=\"wp-block-heading\">Hist\u00f3ria<\/h2>\n\n\n\n<p>A busca por uma educa\u00e7\u00e3o de qualidade, voltada para a forma\u00e7\u00e3o e o aprimoramento profissional na \u00e1rea da sa\u00fade, levou um grupo de m\u00e9dicos e educadores com experi\u00eancia em gest\u00e3o de cl\u00ednicas, hospitais e institui\u00e7\u00f5es de ensino a idealizar um projeto educacional inovador.<\/p>\n\n\n\n<p>Assim, foi fundada a MED Educacional Ltda, mantenedora do IIESAU \u2013 Instituto Internacional de Estudos em Sa\u00fade. A experi\u00eancia e a reputa\u00e7\u00e3o dos profissionais envolvidos t\u00eam sido a base para que o IIESAU acompanhe as transforma\u00e7\u00f5es do setor e cumpra sua miss\u00e3o com excel\u00eancia.<\/p>\n\n\n\n<p>Localizado em Ribeir\u00e3o Preto-SP, um centro de refer\u00eancia na \u00e1rea m\u00e9dica, o IIESAU tem o prop\u00f3sito de oferecer forma\u00e7\u00e3o continuada e qualifica\u00e7\u00e3o profissional, com modelos flex\u00edveis de ensino em ambientes presenciais e virtuais, valorizando o aprendizado ativo e o desenvolvimento das compet\u00eancias necess\u00e1rias para a atua\u00e7\u00e3o na \u00e1rea da sa\u00fade.<\/p>\n<\/div>\n<\/div>\n\n\n\n<div class=\"wp-block-columns is-layout-flex wp-container-core-columns-is-layout-9d6595d7 wp-block-columns-is-layout-flex\">\n<div class=\"wp-block-column has-background is-layout-flow wp-block-column-is-layout-flow\" style=\"background-color:#e8e8e8\">\n<h2 class=\"wp-block-heading has-text-align-center has-text-color has-link-color wp-elements-f0bf4d10967192397e98ecf455009701\" style=\"color:#00365d\">Nosso compromisso<\/h2>\n\n\n\n<div style=\"height:10px\" aria-hidden=\"true\" class=\"wp-block-spacer\"><\/div>\n\n\n\n<p class=\"has-text-align-center has-text-color has-link-color wp-elements-ae0915a18fb12704abcdc0d19cf12a79\" style=\"color:#00365d\">Oferecer uma experi\u00eancia de aprendizagem que fortale\u00e7a a forma\u00e7\u00e3o profissional, impulsione o desenvolvimento de carreira e promova a responsabilidade social.<\/p>\n<\/div>\n\n\n\n<div class=\"wp-block-column has-background is-layout-flow wp-block-column-is-layout-flow\" style=\"background-color:#e8e8e8\">\n<h2 class=\"wp-block-heading has-text-align-center has-text-color has-link-color wp-elements-ce9600ed5f8c555e736e6d7eb9d2aa2a\" style=\"color:#00365d\">Nosso prop\u00f3sito<\/h2>\n\n\n\n<div style=\"height:10px\" aria-hidden=\"true\" class=\"wp-block-spacer\"><\/div>\n\n\n\n<p class=\"has-text-align-center has-text-color has-link-color wp-elements-a7d5c77cc2ab1e98373d1820c5928b1b\" style=\"color:#00365d\">Aprimorar continuamente nossos m\u00e9todos para formar profissionais capazes de pensar criticamente, buscar solu\u00e7\u00f5es para desafios da sociedade e atuar de forma colaborativa, tornando-se protagonistas de sua trajet\u00f3ria.<\/p>\n<\/div>\n<\/div>\n\n\n\n<div class=\"wp-block-columns is-layout-flex wp-container-core-columns-is-layout-9d6595d7 wp-block-columns-is-layout-flex\">\n<div class=\"wp-block-column has-background is-layout-flow wp-block-column-is-layout-flow\" style=\"background-color:#e8e8e8\"><div class=\"wp-block-image\">\n<figure class=\"aligncenter size-full\"><img loading=\"lazy\" decoding=\"async\" width=\"182\" height=\"182\" src=\"http:\/\/cubecloud.com.br\/iiesau\/wp-content\/uploads\/2024\/09\/icone-missao-circulo-desktop.png\" alt=\"\" class=\"wp-image-162\"\/><\/figure>\n<\/div>\n\n\n<div style=\"height:10px\" aria-hidden=\"true\" class=\"wp-block-spacer\"><\/div>\n\n\n\n<h2 class=\"wp-block-heading has-text-align-center has-text-color has-link-color wp-elements-8fe224ad6e816e06686cd9a2106d8145\" style=\"color:#00365d\">Miss\u00e3o<\/h2>\n\n\n\n<div style=\"height:10px\" aria-hidden=\"true\" class=\"wp-block-spacer\"><\/div>\n\n\n\n<p class=\"has-text-align-center has-text-color has-link-color wp-elements-c8da84f8e26bc216be75c3de15d14eb7\" style=\"color:#00365d\">Formar profissionais qualificados e cidad\u00e3os conscientes, preparados para atuar com excel\u00eancia em sua \u00e1rea e contribuir para a melhoria da qualidade de vida da popula\u00e7\u00e3o, em um contexto de pluralidade e responsabilidade social.<\/p>\n<\/div>\n\n\n\n<div class=\"wp-block-column has-background is-layout-flow wp-block-column-is-layout-flow\" style=\"background-color:#e8e8e8\"><div class=\"wp-block-image\">\n<figure class=\"aligncenter size-full is-resized\"><img loading=\"lazy\" decoding=\"async\" width=\"182\" height=\"182\" src=\"http:\/\/cubecloud.com.br\/iiesau\/wp-content\/uploads\/2024\/09\/icone-visao-circulo-desktop.png\" alt=\"\" class=\"wp-image-163\" style=\"width:182px;height:auto\"\/><\/figure>\n<\/div>\n\n\n<div style=\"height:10px\" aria-hidden=\"true\" class=\"wp-block-spacer\"><\/div>\n\n\n\n<h2 class=\"wp-block-heading has-text-align-center has-text-color has-link-color wp-elements-aad68291bb56d662be985971376315c9\" style=\"color:#00365d\">Vis\u00e3o<\/h2>\n\n\n\n<div style=\"height:10px\" aria-hidden=\"true\" class=\"wp-block-spacer\"><\/div>\n\n\n\n<p class=\"has-text-align-center has-text-color has-link-color wp-elements-7dac3c502e5e93a458058881b2a2516d\" style=\"color:#00365d\">Crescer de forma cont\u00ednua e sustent\u00e1vel, ampliando nosso impacto na educa\u00e7\u00e3o e na forma\u00e7\u00e3o de profissionais da sa\u00fade na regi\u00e3o de Ribeir\u00e3o Preto.<\/p>\n<\/div>\n\n\n\n<div class=\"wp-block-column has-background is-layout-flow wp-block-column-is-layout-flow\" style=\"background-color:#e8e8e8\"><div class=\"wp-block-image\">\n<figure class=\"aligncenter size-full\"><img loading=\"lazy\" decoding=\"async\" width=\"182\" height=\"182\" src=\"http:\/\/cubecloud.com.br\/iiesau\/wp-content\/uploads\/2024\/09\/icone-valores-circulo-desktop.png\" alt=\"\" class=\"wp-image-164\"\/><\/figure>\n<\/div>\n\n\n<div style=\"height:10px\" aria-hidden=\"true\" class=\"wp-block-spacer\"><\/div>\n\n\n\n<h2 class=\"wp-block-heading has-text-align-center has-text-color has-link-color wp-elements-f16512b0a9a17c55230d0366e1f8d259\" style=\"color:#00365d\">Valores<\/h2>\n\n\n\n<div style=\"height:10px\" aria-hidden=\"true\" class=\"wp-block-spacer\"><\/div>\n\n\n\n<p class=\"has-text-align-center has-text-color has-link-color wp-elements-aaa9f94cee7ad2d3b18959d115adba3c\" style=\"color:#00365d\">\u00c9tica, responsabilidade, inova\u00e7\u00e3o, transpar\u00eancia e compromisso com a excel\u00eancia.<\/p>\n<\/div>\n<\/div>\n\n\n\n<div style=\"height:50px\" aria-hidden=\"true\" class=\"wp-block-spacer\"><\/div>\n\n\n\n<h2 class=\"wp-block-heading\">Mantenedora<\/h2>\n\n\n\n<p>A Med Educacional, mantenedora do IIESAU, adota uma gest\u00e3o respons\u00e1vel, pautada na transpar\u00eancia e no compromisso com a educa\u00e7\u00e3o.<\/p>\n\n\n\n<p>Suas pol\u00edticas de gest\u00e3o institucional t\u00eam como foco:<\/p>\n\n\n\n<ul class=\"wp-block-list\">\n<li>Garantir autonomia e participa\u00e7\u00e3o ativa na tomada de decis\u00f5es;<\/li>\n\n\n\n<li>Assegurar uma governan\u00e7a \u00e9tica e transparente;<\/li>\n\n\n\n<li>Promover inclus\u00e3o e desenvolvimento social e econ\u00f4mico;<\/li>\n\n\n\n<li>Adotar pr\u00e1ticas eficientes de planejamento e gest\u00e3o;<\/li>\n\n\n\n<li>Fortalecer a colabora\u00e7\u00e3o entre todos os envolvidos;<\/li>\n\n\n\n<li>Incentivar a qualifica\u00e7\u00e3o cont\u00ednua e a responsabilidade social.<\/li>\n<\/ul>\n\n\n\n<div style=\"height:20px\" aria-hidden=\"true\" class=\"wp-block-spacer\"><\/div>\n\n\n\n<div class=\"wp-block-columns are-vertically-aligned-center has-background is-layout-flex wp-container-core-columns-is-layout-9d6595d7 wp-block-columns-is-layout-flex\" style=\"background-color:#e8e8e8\">\n<div class=\"wp-block-column is-vertically-aligned-center is-layout-flow wp-block-column-is-layout-flow\" style=\"flex-basis:33.33%\">\n<figure class=\"wp-block-gallery has-nested-images columns-default is-cropped wp-block-gallery-1 is-layout-flex wp-block-gallery-is-layout-flex\">\n<figure class=\"wp-block-image size-full\"><img loading=\"lazy\" decoding=\"async\" width=\"732\" height=\"722\" data-id=\"474\" src=\"http:\/\/cubecloud.com.br\/iiesau\/wp-content\/uploads\/2024\/12\/grafico-mantenedora-desktop@2x.png\" alt=\"\" class=\"wp-image-474\" srcset=\"https:\/\/cubecloud.com.br\/iiesau\/wp-content\/uploads\/2024\/12\/grafico-mantenedora-desktop@2x.png 732w, https:\/\/cubecloud.com.br\/iiesau\/wp-content\/uploads\/2024\/12\/grafico-mantenedora-desktop@2x-300x296.png 300w\" sizes=\"auto, (max-width: 732px) 100vw, 732px\" \/><\/figure>\n<\/figure>\n<\/div>\n\n\n\n<div class=\"wp-block-column is-vertically-aligned-center is-layout-flow wp-block-column-is-layout-flow\" style=\"flex-basis:66.66%\">\n<h3 class=\"wp-block-heading\">Pilares da Gest\u00e3o Institucional<\/h3>\n\n\n\n<div style=\"height:13px\" aria-hidden=\"true\" class=\"wp-block-spacer\"><\/div>\n\n\n\n<p>A Med Educacional orienta sua gest\u00e3o por princ\u00edpios \u00e9ticos, transpar\u00eancia e responsabilidade social. Nosso compromisso com a integridade reflete-se na ado\u00e7\u00e3o de boas pr\u00e1ticas institucionais e na condu\u00e7\u00e3o respons\u00e1vel de nossas atividades.<\/p>\n\n\n\n<p>Nossa pol\u00edtica de responsabilidade social, enquanto institui\u00e7\u00e3o voltada \u00e0 forma\u00e7\u00e3o na \u00e1rea da sa\u00fade, inclui parcerias com diversas entidades para a realiza\u00e7\u00e3o de projetos educativos voltados \u00e0 preven\u00e7\u00e3o de doen\u00e7as e \u00e0 promo\u00e7\u00e3o da sa\u00fade, incentivando uma atitude proativa em benef\u00edcio da comunidade.<\/p>\n<\/div>\n<\/div>\n\n\n\n<div style=\"height:50px\" aria-hidden=\"true\" class=\"wp-block-spacer\"><\/div>\n\n\n\n<h2 class=\"wp-block-heading\">Documentos Institucionais<\/h2>\n\n\n\n<div class=\"wp-block-columns is-layout-flex wp-container-core-columns-is-layout-9d6595d7 wp-block-columns-is-layout-flex\">\n<div class=\"wp-block-column is-layout-flow wp-block-column-is-layout-flow\">\n<p>O<strong> Plano de Desenvolvimento Institucional<\/strong> (PDI) \u00e9 um documento estrat\u00e9gico que orienta as a\u00e7\u00f5es de uma institui\u00e7\u00e3o de ensino superior (IES) ao longo de um per\u00edodo determinado, geralmente de 5 anos. Ele re\u00fane informa\u00e7\u00f5es sobre a identidade da institui\u00e7\u00e3o (miss\u00e3o, vis\u00e3o, valores), objetivos, metas, diretrizes pedag\u00f3gicas, estrutura organizacional, infraestrutura, pol\u00edtica de gest\u00e3o e expans\u00e3o, entre outros aspectos. <\/p>\n\n\n\n<p>O principal objetivo do PDI \u00e9 planejar e guiar o crescimento e a melhoria cont\u00ednua da institui\u00e7\u00e3o, garantindo coer\u00eancia entre as pr\u00e1ticas administrativas e acad\u00eamicas, de acordo com as exig\u00eancias legais do Minist\u00e9rio da Educa\u00e7\u00e3o (MEC). Em breve ser\u00e1 disponibilizado.<\/p>\n<\/div>\n\n\n\n<div class=\"wp-block-column is-layout-flow wp-block-column-is-layout-flow\">\n<p>O <strong>Regimento Institucional<\/strong> \u00e9 um documento normativo que estabelece as regras de funcionamento de uma institui\u00e7\u00e3o de ensino. Ele define a estrutura organizacional, as compet\u00eancias dos \u00f3rg\u00e3os administrativos e colegiados, os direitos e deveres de alunos, professores e funcion\u00e1rios, al\u00e9m das normas para atividades acad\u00eamicas e administrativas. Sua principal fun\u00e7\u00e3o \u00e9 garantir a ordem interna, a transpar\u00eancia nos processos e a conformidade com a legisla\u00e7\u00e3o educacional vigente. <\/p>\n\n\n\n<p>O regimento deve estar alinhado ao Plano de Desenvolvimento Institucional (PDI) e refletir os princ\u00edpios e objetivos da institui\u00e7\u00e3o. O Regimento organiza a vida acad\u00eamica e administrativa da institui\u00e7\u00e3o, servindo como base para seu funcionamento regular e eficaz. Em breve ser\u00e1 disponibilizado.<\/p>\n<\/div>\n<\/div>\n","protected":false},"excerpt":{"rendered":"<p>Hist\u00f3ria A busca por uma educa\u00e7\u00e3o de qualidade, voltada para a forma\u00e7\u00e3o e o aprimoramento profissional na \u00e1rea da sa\u00fade, levou um grupo de m\u00e9dicos e educadores com experi\u00eancia em gest\u00e3o de cl\u00ednicas, hospitais e institui\u00e7\u00f5es de ensino a idealizar um projeto educacional inovador. Assim, foi fundada a MED Educacional Ltda, mantenedora do IIESAU \u2013 [&hellip;]<\/p>\n","protected":false},"author":1,"featured_media":143,"parent":0,"menu_order":0,"comment_status":"closed","ping_status":"closed","template":"","meta":{"_acf_changed":false,"footnotes":""},"class_list":["post-34","page","type-page","status-publish","has-post-thumbnail","hentry"],"acf":[],"_links":{"self":[{"href":"https:\/\/cubecloud.com.br\/iiesau\/wp-json\/wp\/v2\/pages\/34","targetHints":{"allow":["GET"]}}],"collection":[{"href":"https:\/\/cubecloud.com.br\/iiesau\/wp-json\/wp\/v2\/pages"}],"about":[{"href":"https:\/\/cubecloud.com.br\/iiesau\/wp-json\/wp\/v2\/types\/page"}],"author":[{"embeddable":true,"href":"https:\/\/cubecloud.com.br\/iiesau\/wp-json\/wp\/v2\/users\/1"}],"replies":[{"embeddable":true,"href":"https:\/\/cubecloud.com.br\/iiesau\/wp-json\/wp\/v2\/comments?post=34"}],"version-history":[{"count":38,"href":"https:\/\/cubecloud.com.br\/iiesau\/wp-json\/wp\/v2\/pages\/34\/revisions"}],"predecessor-version":[{"id":686,"href":"https:\/\/cubecloud.com.br\/iiesau\/wp-json\/wp\/v2\/pages\/34\/revisions\/686"}],"wp:featuredmedia":[{"embeddable":true,"href":"https:\/\/cubecloud.com.br\/iiesau\/wp-json\/wp\/v2\/media\/143"}],"wp:attachment":[{"href":"https:\/\/cubecloud.com.br\/iiesau\/wp-json\/wp\/v2\/media?parent=34"}],"curies":[{"name":"wp","href":"https:\/\/api.w.org\/{rel}","templated":true}]}}